{"id":147,"date":"2024-12-06T10:32:05","date_gmt":"2024-12-06T10:32:05","guid":{"rendered":"https:\/\/matt.baume39.fr\/visitorguide\/?page_id=147"},"modified":"2024-12-09T07:01:15","modified_gmt":"2024-12-09T07:01:15","slug":"where-to-eat","status":"publish","type":"page","link":"https:\/\/matt.baume39.fr\/visitorguide\/where-to-eat\/","title":{"rendered":"Where to eat"},"content":{"rendered":"\n<p><strong>Le Grand Jardin<br><\/strong>Rue des grands jardins<br>39210 Baume-les-Messieurs, Jura, France<br>T\u00e9l\u00e9phone : 03 84 44 68 37<br>Site : www.legrandjardin.fr<\/p>\n\n\n\n<p><strong>Caf\u00e9 restaurant de l\u2019Abbaye<\/strong><br>Rue des Grands Jardins<br>39210 Baume Les Messieurs, Jura, France<br>Tel: 03 84 44 63 44<br>Site: www.restaurant-labbaye.fr<\/p>\n\n\n\n<p><strong>Restaurant des Grottes<br><\/strong>Site des Grottes<br>39210 BAUME-LES-MESSIEURS<br>Tel: 03 84 48 23 15<br>E-mail: restaurantdesgrottes@wanadoo.fr<br>Site: www.restaurant-des-grottes.com<\/p>\n\n\n\n<p><strong>Maison d\u2019h\u00f4tes (chambre et table) \u00ab Le Belv\u00e9d\u00e8re des Roches de Baume-les-Messieurs \u00bb<br><\/strong>2 quartier sur Roches, 39570 Cran\u00e7ot \u2013 HAUTEROCHE \/ France<br>Tel. 03 84 48 22 18<br>Site:  https:\/\/www.lebelvedere39.com\/<\/p>\n\n\n\n<p><strong>Chalet des Roches<br><\/strong>Restauration rapide, produits r\u00e9gionaux<br>6, impasse des Grottes, 39210 Baume-les-Messieurs<br>T\u00e9l: 03 84 48 27 66<\/p>\n\n\n\n<p><\/p>\n","protected":false},"excerpt":{"rendered":"<p>Le Grand JardinRue des grands jardins39210 Baume-les-Messieurs, Jura, FranceT\u00e9l\u00e9phone : 03 84 44 68 37Site : www.legrandjardin.fr Caf\u00e9 restaurant de l\u2019AbbayeRue des Grands Jardins39210 Baume Les Messieurs, Jura, FranceTel: 03 84 44 63 44Site: www.restaurant-labbaye.fr Restaurant des GrottesSite des Grottes39210 BAUME-LES-MESSIEURSTel: 03 84 48 23 15E-mail: restaurantdesgrottes@wanadoo.frSite: www.restaurant-des-grottes.com Maison d\u2019h\u00f4tes (chambre et table) \u00ab Le&#8230;<\/p>\n","protected":false},"author":1,"featured_media":0,"parent":0,"menu_order":0,"comment_status":"closed","ping_status":"closed","template":"","meta":{"_kadence_starter_templates_imported_post":false,"_kad_post_transparent":"","_kad_post_title":"","_kad_post_layout":"","_kad_post_sidebar_id":"","_kad_post_content_style":"","_kad_post_vertical_padding":"","_kad_post_feature":"","_kad_post_feature_position":"","_kad_post_header":false,"_kad_post_footer":false,"footnotes":""},"class_list":["post-147","page","type-page","status-publish","hentry"],"_links":{"self":[{"href":"https:\/\/matt.baume39.fr\/visitorguide\/wp-json\/wp\/v2\/pages\/147","targetHints":{"allow":["GET"]}}],"collection":[{"href":"https:\/\/matt.baume39.fr\/visitorguide\/wp-json\/wp\/v2\/pages"}],"about":[{"href":"https:\/\/matt.baume39.fr\/visitorguide\/wp-json\/wp\/v2\/types\/page"}],"author":[{"embeddable":true,"href":"https:\/\/matt.baume39.fr\/visitorguide\/wp-json\/wp\/v2\/users\/1"}],"replies":[{"embeddable":true,"href":"https:\/\/matt.baume39.fr\/visitorguide\/wp-json\/wp\/v2\/comments?post=147"}],"version-history":[{"count":4,"href":"https:\/\/matt.baume39.fr\/visitorguide\/wp-json\/wp\/v2\/pages\/147\/revisions"}],"predecessor-version":[{"id":307,"href":"https:\/\/matt.baume39.fr\/visitorguide\/wp-json\/wp\/v2\/pages\/147\/revisions\/307"}],"wp:attachment":[{"href":"https:\/\/matt.baume39.fr\/visitorguide\/wp-json\/wp\/v2\/media?parent=147"}],"curies":[{"name":"wp","href":"https:\/\/api.w.org\/{rel}","templated":true}]}}