{"id":360,"date":"2011-01-10T15:19:32","date_gmt":"2011-01-10T15:19:32","guid":{"rendered":"http:\/\/www.baumelesmessieurs.fr\/?page_id=360"},"modified":"2011-01-10T15:19:32","modified_gmt":"2011-01-10T15:19:32","slug":"mairie-de-baume-les-messieurs","status":"publish","type":"page","link":"https:\/\/matt.baume39.fr\/blm\/mairie-de-baume-les-messieurs\/","title":{"rendered":"Mairie de Baume-les-Messieurs"},"content":{"rendered":"\n<!--themify_builder_static--><img decoding=\"async\" src=\"http:\/\/www.baumelesmessieurs.fr\/wp-content\/uploads\/blm31mairie.jpg\">\n<h3><strong>Mairie de Baume-les-Messieurs<\/strong><br \/><strong>4, place de la Mairie &#8211; 39210, Jura, France<\/strong><\/h3> <hr \/> <p><strong>T\u00e9l : 03 84 44 61 41<\/strong><\/p> <p><strong>E-mail : baumelesmessieurs@orange.fr<\/strong><\/p> <hr \/> <h3><em>Secr\u00e9tariat :<\/em><\/h3> <p>Secr\u00e9taire G\u00e9n\u00e9ral : Monsieur Valentin MARCHAND<\/p> <h3>Ouverture au public du secr\u00e9tariat :<\/h3> <p>Du lundi au vendredi de 9H00 \u00e0 12H00<\/p> <p><strong>T\u00e9l.<\/strong> 03 84 44 61 41<\/p> <p><strong>E-mail : baumelesmessieurs@orange.fr<\/strong><\/p>\n<img loading=\"lazy\" decoding=\"async\" src=\"http:\/\/www.baumelesmessieurs.fr\/wp-content\/uploads\/4-IMG_6770a.jpg\" width=\"150\" height=\"480\" title=\"Serge MOREAU, Maire\" alt=\"finances \/ investissement \/ patrimoine \/ relations avec les collectivit\u00e9s territoriales\"> <h3> Serge MOREAU, Maire <\/h3> finances \/ investissement \/ patrimoine \/ relations avec les collectivit\u00e9s territoriales\n<a href=\"mailto:maire@baumelesmessieurs.fr\"> <em><\/em> CONTACTER <\/a>\n<img loading=\"lazy\" decoding=\"async\" src=\"http:\/\/www.baumelesmessieurs.fr\/wp-content\/uploads\/3-IMG_6808a.jpg\" width=\"150\" height=\"480\" title=\"Patrick PERRIN, 1er adjoint\" alt=\"r\u00e9gies \/ personnel communal \/ r\u00e9seaux \/ voirie \/ entretien et \u00e9quipements communaux\"> <h3> Patrick PERRIN, 1er adjoint <\/h3> r\u00e9gies \/ personnel communal \/ r\u00e9seaux \/ voirie \/ entretien et \u00e9quipements communaux\n<a href=\"mailto:patrick.perrin13@wanadoo.fr\"> <em><\/em> CONTACTER <\/a>\n<img loading=\"lazy\" decoding=\"async\" src=\"http:\/\/www.baumelesmessieurs.fr\/wp-content\/uploads\/1-IMG_6816a.jpg\" width=\"150\" height=\"480\" title=\"\u00c9velyne MAITRE, 2\u00e8me adjointe\" alt=\"administration \/ r\u00e9glementation \/ urbanisme \/ centre de gestion \/ cimeti\u00e8re\"> <h3> \u00c9velyne MAITRE, 2\u00e8me adjointe <\/h3> administration \/ r\u00e9glementation \/ urbanisme \/ centre de gestion \/ cimeti\u00e8re\n<a href=\"mailto:e.maitre@hotmail.fr\"> <em><\/em> CONTACTER <\/a>\n<img loading=\"lazy\" decoding=\"async\" src=\"http:\/\/www.baumelesmessieurs.fr\/wp-content\/uploads\/2-IMG_6815a.jpg\" width=\"150\" height=\"480\" title=\"Patrick BOUDOUX, 3\u00e8me adjoint\" alt=\"am\u00e9nagement et travaux \/ sentiers \/ rivi\u00e8res \/ for\u00eats\"> <h3> Patrick BOUDOUX, 3\u00e8me adjoint <\/h3> am\u00e9nagement et travaux \/ sentiers \/ rivi\u00e8res \/ for\u00eats\n<a href=\"mailto:p.boudoux@baumelesmessieurs.fr\"> <em><\/em> CONTACTER <\/a>\n<img loading=\"lazy\" decoding=\"async\" src=\"http:\/\/www.baumelesmessieurs.fr\/wp-content\/uploads\/7-IMG_6821a.jpg\" width=\"150\" height=\"480\" title=\"Till MEYER, conseiller\" alt=\"communication \/ tourisme \/ \u00e9v\u00e9nementiel\"> <h3> Till MEYER, conseiller <\/h3> communication \/ tourisme \/ \u00e9v\u00e9nementiel\n<a href=\"mailto:t.meyer@baumelesmessieurs.fr\"> <em><\/em> CONTACTER <\/a>\n<img loading=\"lazy\" decoding=\"async\" src=\"http:\/\/www.baumelesmessieurs.fr\/wp-content\/uploads\/4-IMG_6800.jpg\" width=\"150\" height=\"480\" title=\"Marie DULAU, conseill\u00e8re\" alt=\"fleurissement\"> <h3> Marie DULAU, conseill\u00e8re <\/h3> fleurissement\n<a href=\"mailto:info@baumelesmessieurs.fr\"> <em><\/em> CONTACTER <\/a>\n<img loading=\"lazy\" decoding=\"async\" src=\"http:\/\/www.baumelesmessieurs.fr\/wp-content\/uploads\/6-IMG_6794.jpg\" width=\"150\" height=\"480\" title=\"Alain BOURREAU, conseiller\" alt=\"fleurissement \/ chasse\"> <h3> Alain BOURREAU, conseiller <\/h3> fleurissement \/ chasse\n<a href=\"mailto:info@baumelesmessieurs.fr\"> <em><\/em> CONTACTER <\/a>\n<img loading=\"lazy\" decoding=\"async\" src=\"http:\/\/www.baumelesmessieurs.fr\/wp-content\/uploads\/5-IMG_6797.jpg\" width=\"150\" height=\"480\" title=\"Olivier SCHRANZ, conseiller\" alt=\"projets\"> <h3> Olivier SCHRANZ, conseiller <\/h3> projets\n<a href=\"mailto:info@baumelesmessieurs.fr\"> <em><\/em> CONTACTER <\/a>\n<img loading=\"lazy\" decoding=\"async\" src=\"http:\/\/www.baumelesmessieurs.fr\/wp-content\/uploads\/3-IMG_6802.jpg\" width=\"150\" height=\"480\" title=\"Julien BRANDT, conseiller\" alt=\"sentiers \/ v\u00e9lo\"> <h3> Julien BRANDT, conseiller <\/h3> sentiers \/ v\u00e9lo\n<a href=\"mailto:info@baumelesmessieurs.fr\"> <em><\/em> CONTACTER <\/a>\n<img loading=\"lazy\" decoding=\"async\" src=\"http:\/\/www.baumelesmessieurs.fr\/wp-content\/uploads\/1-IMG_6798.jpg\" width=\"150\" height=\"480\" title=\"Bernadette ZYGMUNT, conseill\u00e8re\" alt=\"tourisme \/ culture\"> <h3> Bernadette ZYGMUNT, conseill\u00e8re <\/h3> tourisme \/ culture\n<a href=\"mailto:info@baumelesmessieurs.fr\"> <em><\/em> CONTACTER <\/a>\n<!--\/themify_builder_static-->\n","protected":false},"excerpt":{"rendered":"","protected":false},"author":3,"featured_media":0,"parent":0,"menu_order":0,"comment_status":"closed","ping_status":"closed","template":"","meta":{"_acf_changed":false,"_kad_post_transparent":"","_kad_post_title":"default","_kad_post_layout":"","_kad_post_sidebar_id":"","_kad_post_content_style":"","_kad_post_vertical_padding":"","_kad_post_feature":"","_kad_post_feature_position":"","_kad_post_header":false,"_kad_post_footer":false,"footnotes":""},"class_list":["post-360","page","type-page","status-publish","hentry"],"acf":[],"_links":{"self":[{"href":"https:\/\/matt.baume39.fr\/blm\/wp-json\/wp\/v2\/pages\/360","targetHints":{"allow":["GET"]}}],"collection":[{"href":"https:\/\/matt.baume39.fr\/blm\/wp-json\/wp\/v2\/pages"}],"about":[{"href":"https:\/\/matt.baume39.fr\/blm\/wp-json\/wp\/v2\/types\/page"}],"author":[{"embeddable":true,"href":"https:\/\/matt.baume39.fr\/blm\/wp-json\/wp\/v2\/users\/3"}],"replies":[{"embeddable":true,"href":"https:\/\/matt.baume39.fr\/blm\/wp-json\/wp\/v2\/comments?post=360"}],"version-history":[{"count":0,"href":"https:\/\/matt.baume39.fr\/blm\/wp-json\/wp\/v2\/pages\/360\/revisions"}],"wp:attachment":[{"href":"https:\/\/matt.baume39.fr\/blm\/wp-json\/wp\/v2\/media?parent=360"}],"curies":[{"name":"wp","href":"https:\/\/api.w.org\/{rel}","templated":true}]}}