{"id":26393,"date":"2024-03-20T13:19:48","date_gmt":"2024-03-20T12:19:48","guid":{"rendered":"https:\/\/www.baumelesmessieurs.fr\/2024\/?page_id=26393"},"modified":"2024-03-20T13:19:48","modified_gmt":"2024-03-20T12:19:48","slug":"urbanisme","status":"publish","type":"page","link":"https:\/\/matt.baume39.fr\/blm\/urbanisme\/","title":{"rendered":"URBANISME"},"content":{"rendered":"\n<h1 class=\"kt-adv-heading26393_1e31d5-ab wp-block-kadence-advancedheading\" data-kb-block=\"kb-adv-heading26393_1e31d5-ab\">URBANISME<\/h1>\n\n\n\n\n<div class=\"wp-block-kadence-column kadence-column26393_5f3f4c-cd\"><div class=\"kt-inside-inner-col\">\n<h1 class=\"wp-block-heading\"><strong>Article R*424-15 du Code l\u2019Urbanisme\u00a0:<\/strong><\/h1>\n\n\n\n<p><strong>&nbsp;<\/strong><strong>\u00ab&nbsp;<\/strong>Mention du permis explicite ou tacite ou de la d\u00e9claration pr\u00e9alable doit \u00eatre affich\u00e9e sur le terrain, de mani\u00e8re visible de l\u2019ext\u00e9rieur, par les soins de son b\u00e9n\u00e9ficiaire, d\u00e8s la notification de l\u2019arr\u00eat\u00e9 ou d\u00e8s la date \u00e0 laquelle le permis tacite ou la d\u00e9cision de non-opposition \u00e0 la d\u00e9claration pr\u00e9alable est acquis et pendant toute la dur\u00e9e du chantier. Cet affichage n\u2019est pas obligatoire pour les d\u00e9clarations pr\u00e9alables portant sur une coupe ou un abattage d\u2019arbres situ\u00e9s en dehors des secteurs urbanis\u00e9s.<\/p>\n\n\n\n<p>Cet affichage mentionne \u00e9galement l\u2019obligation, pr\u00e9vue \u00e0 peine d\u2019irrecevabilit\u00e9 par l\u2019article&nbsp;<a href=\"https:\/\/www.legifrance.gouv.fr\/affichCodeArticle.do?cidTexte=LEGITEXT000006074075&amp;idArticle=LEGIARTI000006820361&amp;dateTexte=&amp;categorieLien=cid\" target=\"_blank\" rel=\"noreferrer noopener\">R. 600-1<\/a>, de notifier tout recours administratif ou tout recours contentieux \u00e0 l\u2019auteur de la d\u00e9cision et au b\u00e9n\u00e9ficiaire du permis ou de la d\u00e9cision prise sur la d\u00e9claration pr\u00e9alable.<\/p>\n\n\n\n<p>En outre, dans les huit jours de la d\u00e9livrance expresse ou tacite du permis ou de la d\u00e9cision de non-opposition \u00e0 la d\u00e9claration pr\u00e9alable, un extrait du permis ou de la d\u00e9claration, le cas \u00e9ch\u00e9ant accompagn\u00e9 de la d\u00e9cision explicite de l\u2019autorit\u00e9 administrative mentionn\u00e9e au II de l\u2019article L. 632-2 du code du patrimoine, est publi\u00e9 par voie d\u2019affichage \u00e0 la mairie pendant deux mois. Lorsqu\u2019une d\u00e9rogation ou une adaptation mineure est accord\u00e9e, l\u2019affichage en mairie porte sur l\u2019int\u00e9gralit\u00e9 de l\u2019arr\u00eat\u00e9. L\u2019ex\u00e9cution de la formalit\u00e9 d\u2019affichage en mairie fait l\u2019objet d\u2019une mention au registre chronologique des actes de publication et de notification des arr\u00eat\u00e9s du maire pr\u00e9vu \u00e0 l\u2019article&nbsp;<a href=\"https:\/\/www.legifrance.gouv.fr\/affichCodeArticle.do?cidTexte=LEGITEXT000006070633&amp;idArticle=LEGIARTI000006395755&amp;dateTexte=&amp;categorieLien=cid\" target=\"_blank\" rel=\"noreferrer noopener\">R. 2122-7 du code g\u00e9n\u00e9ral des collectivit\u00e9s territoriales<\/a>.<\/p>\n\n\n\n<p>La publication par voie d\u2019affichage en mairie pr\u00e9vue au troisi\u00e8me alin\u00e9a peut \u00eatre remplac\u00e9e par une publication par voie \u00e9lectronique sur le site internet de la commune. Un arr\u00eat\u00e9 du ministre charg\u00e9 de l\u2019urbanisme r\u00e8gle le contenu et les formes de l\u2019affichage.&nbsp;\u00bb<\/p>\n\n\n\n<hr class=\"wp-block-separator has-alpha-channel-opacity\" \/>\n\n\n\n<p><a href=\"http:\/\/www.baumelesmessieurs.fr\/wp-content\/uploads\/PC-039-041-23-J0003-Avis-de-depot-publie-le-03-08-2023.pdf\" target=\"_blank\" rel=\"noreferrer noopener\">PC 039 041 23 J0003 \u2013 Publication le 3 ao\u00fbt 2023<\/a><\/p>\n\n\n\n<p><a href=\"http:\/\/www.baumelesmessieurs.fr\/wp-content\/uploads\/DP-039-041-23-J0007-Publication-le-17-08-2023.pdf\" target=\"_blank\" rel=\"noreferrer noopener\">DP 039 041 23 J0007 \u2013 Publication le 17-08-2023<\/a><\/p>\n\n\n\n<p><a href=\"http:\/\/www.baumelesmessieurs.fr\/wp-content\/uploads\/DP-039-041-23-J0008-Publication-le-19-09-2023.pdf\" target=\"_blank\" rel=\"noreferrer noopener\">DP 039 041 23 J0008 \u2013 Publication le 19-09-2023<\/a><\/p>\n\n\n\n<p><a href=\"http:\/\/www.baumelesmessieurs.fr\/wp-content\/uploads\/DP-039-041-22-J0008.pdf\" target=\"_blank\" rel=\"noreferrer noopener\">Arr\u00eat\u00e9 portant retrait de la DP 039 041 22 J0008 \u2013 Publication le 20-09-2023<\/a><\/p>\n\n\n\n<p><a href=\"http:\/\/www.baumelesmessieurs.fr\/wp-content\/uploads\/20231005162937.pdf\" target=\"_blank\" rel=\"noreferrer noopener\">DP 039 041 23 J0009 \u2013 Avis de d\u00e9p\u00f4t \/ Publication le 29-09-2023<\/a><\/p>\n\n\n\n<p><a href=\"http:\/\/www.baumelesmessieurs.fr\/wp-content\/uploads\/20231024162721.pdf\" target=\"_blank\" rel=\"noreferrer noopener\">DP 039 041 23 J0010 \u2013 Avis de d\u00e9p\u00f4t \/ Publication le 24-10-2023<\/a><\/p>\n\n\n\n<p><a href=\"http:\/\/www.baumelesmessieurs.fr\/wp-content\/uploads\/20231108102041.pdf\" target=\"_blank\" rel=\"noreferrer noopener\">Arr\u00eat\u00e9 de non-opposition avec prescriptions \u00e0 la d\u00e9claration pr\u00e9alable DP 039 041 23 J0009 \/ Publication le 08-11-2023<\/a><\/p>\n\n\n\n<p><a href=\"http:\/\/www.baumelesmessieurs.fr\/wp-content\/uploads\/DP-039-041-23-J0011.pdf\" target=\"_blank\" rel=\"noreferrer noopener\">DP 039 041 23 J0011 \u2013 Avis de d\u00e9p\u00f4t \/ Publication le 10-11-2023<\/a><\/p>\n\n\n\n<p><a href=\"http:\/\/www.baumelesmessieurs.fr\/wp-content\/uploads\/PC-039-041-23-J0003.pdf\" target=\"_blank\" rel=\"noreferrer noopener\">Arr\u00eat\u00e9 accordant un permis de construire au nom de l\u2019\u00c9tat \u2013 PC 039 041 23 J0003 \u2013 Publication le 22 d\u00e9cembre 2023.<\/a><\/p>\n\n\n\n<p><a href=\"http:\/\/www.baumelesmessieurs.fr\/wp-content\/uploads\/20240118084607.pdf\" target=\"_blank\" rel=\"noreferrer noopener\">PC 039 041 21 J0004 \/ Modification n\u00b01 \u2013 Avis de d\u00e9p\u00f4t \/ Publication le 18-01-2024<\/a><\/p>\n\n\n\n<p><a href=\"http:\/\/www.baumelesmessieurs.fr\/wp-content\/uploads\/20240118084600.pdf\" target=\"_blank\" rel=\"noreferrer noopener\">PC 039 041 24 J0001 \u2013 Avis de d\u00e9p\u00f4t \/ Publication le 18-01-2024<\/a><\/p>\n<\/div><\/div>\n\n\n\n","protected":false},"excerpt":{"rendered":"","protected":false},"author":3,"featured_media":0,"parent":0,"menu_order":0,"comment_status":"closed","ping_status":"closed","template":"","meta":{"_acf_changed":false,"_kad_post_transparent":"","_kad_post_title":"","_kad_post_layout":"right","_kad_post_sidebar_id":"","_kad_post_content_style":"","_kad_post_vertical_padding":"","_kad_post_feature":"","_kad_post_feature_position":"","_kad_post_header":false,"_kad_post_footer":false,"footnotes":""},"class_list":["post-26393","page","type-page","status-publish","hentry"],"acf":[],"_links":{"self":[{"href":"https:\/\/matt.baume39.fr\/blm\/wp-json\/wp\/v2\/pages\/26393","targetHints":{"allow":["GET"]}}],"collection":[{"href":"https:\/\/matt.baume39.fr\/blm\/wp-json\/wp\/v2\/pages"}],"about":[{"href":"https:\/\/matt.baume39.fr\/blm\/wp-json\/wp\/v2\/types\/page"}],"author":[{"embeddable":true,"href":"https:\/\/matt.baume39.fr\/blm\/wp-json\/wp\/v2\/users\/3"}],"replies":[{"embeddable":true,"href":"https:\/\/matt.baume39.fr\/blm\/wp-json\/wp\/v2\/comments?post=26393"}],"version-history":[{"count":0,"href":"https:\/\/matt.baume39.fr\/blm\/wp-json\/wp\/v2\/pages\/26393\/revisions"}],"wp:attachment":[{"href":"https:\/\/matt.baume39.fr\/blm\/wp-json\/wp\/v2\/media?parent=26393"}],"curies":[{"name":"wp","href":"https:\/\/api.w.org\/{rel}","templated":true}]}}