{"id":1603,"date":"2019-03-26T19:36:59","date_gmt":"2019-03-26T18:36:59","guid":{"rendered":"http:\/\/www.baumelesmessieurs.fr\/?page_id=1603"},"modified":"2024-03-23T07:00:54","modified_gmt":"2024-03-23T07:00:54","slug":"passeport","status":"publish","type":"page","link":"https:\/\/matt.baume39.fr\/blm\/passeport\/","title":{"rendered":"Passeport grottes et abbaye"},"content":{"rendered":"\n\n<div class=\"wp-block-kadence-column kadence-column1603_20abeb-fc\"><div class=\"kt-inside-inner-col\">\n\n<div class=\"wp-block-kadence-column kadence-column1603_3d6cf4-d4\"><div class=\"kt-inside-inner-col\">\n<h1 class=\"kt-adv-heading1603_73c48d-77 wp-block-kadence-advancedheading\" data-kb-block=\"kb-adv-heading1603_73c48d-77\">Passeport grottes&nbsp;<em>et<\/em>&nbsp;abbaye<\/h1>\n\n\n\n<h3 class=\"wp-block-heading\">Pr\u00e8s de 20% de r\u00e9duction quand vous visitez les deux<\/h3>\n<\/div><\/div>\n\n\n\n<div class=\"wp-block-kadence-column kadence-column1603_6b79e8-f4\"><div class=\"kt-inside-inner-col\">\n<div class=\"wp-block-kadence-image kb-image1603_f6e310-00\"><figure class=\"aligncenter size-full kb-image-is-ratio-size\"><div class=\"kb-is-ratio-image kb-image-ratio-square\"><img loading=\"lazy\" decoding=\"async\" width=\"400\" height=\"400\" src=\"http:\/\/matt.baume39.fr\/blm\/wp-content\/uploads\/sites\/12\/2024\/03\/circles-copy-1.png\" alt=\"\" class=\"kb-img wp-image-26598\" srcset=\"https:\/\/matt.baume39.fr\/blm\/wp-content\/uploads\/sites\/12\/2024\/03\/circles-copy-1.png 400w, https:\/\/matt.baume39.fr\/blm\/wp-content\/uploads\/sites\/12\/2024\/03\/circles-copy-1-300x300.png 300w, https:\/\/matt.baume39.fr\/blm\/wp-content\/uploads\/sites\/12\/2024\/03\/circles-copy-1-150x150.png 150w\" sizes=\"auto, (max-width: 400px) 100vw, 400px\" \/><\/div><\/figure><\/div>\n<\/div><\/div>\n\n\n\n\n<h3 class=\"wp-block-heading\">Profitez de notre&nbsp;passeport et b\u00e9n\u00e9ficiez d\u2019un&nbsp;<strong>tarif r\u00e9duit<\/strong>&nbsp;pour les visites grottes&nbsp;<strong>et<\/strong>&nbsp;abbaye<\/h3>\n\n\n\n<ul class=\"wp-block-list\">\n<li>Adultes<strong>&nbsp; 15.50 \u20ac<\/strong>&nbsp;\/ pers.<\/li>\n\n\n\n<li>Enfant de 6 \u00e0 12 ans<strong>&nbsp;8.50 \u20ac<\/strong>&nbsp;\/ pers.<\/li>\n\n\n\n<li>Groupe adultes (minimum de 15 personnes)<strong>&nbsp;14.00 \u20ac<\/strong>&nbsp;\/ pers.<\/li>\n<\/ul>\n\n\n\n<h3 class=\"wp-block-heading\">Renseignements et r\u00e9servations<\/h3>\n\n\n\n<p><a href=\"http:\/\/www.baumelesmessieurs.fr\/contact\/\">CONTACTER L\u2019\u00c9QUIPE QUI VOUS RENSEIGNERA&nbsp;<\/a><\/p>\n\n\n\n<h3 class=\"wp-block-heading\">Visites guid\u00e9es de l\u2019Abbaye Imp\u00e9riale<\/h3>\n\n\n\n<ul class=\"wp-block-list\">\n<li><strong>Visites guid\u00e9es de l\u2019abbaye de 45\/60 minutes.&nbsp;<\/strong><\/li>\n\n\n\n<li><strong>D\u00e9couvrez les cours, le retable flamand du XVIe si\u00e8cle et la chapelle des tombeaux.<\/strong><\/li>\n<\/ul>\n\n\n\n<h3 class=\"wp-block-heading\">Les Grottes de Baume : Visites guid\u00e9es<\/h3>\n\n\n\n<ul class=\"wp-block-list\">\n<li><strong>Parmi les plus spectaculaires en Europe.&nbsp;<\/strong><\/li>\n\n\n\n<li><strong>D\u00e9couvrez des formations g\u00e9ologiques \u00e9tonnantes 1 km de galeries am\u00e9nag\u00e9es<\/strong><\/li>\n<\/ul>\n<\/div><\/div>\n\n\n\n<div class=\"wp-block-kadence-column kadence-column1603_f92c5a-6c\"><div class=\"kt-inside-inner-col\">\n<h2 class=\"wp-block-heading\">Pr\u00e8s de 20% de r\u00e9duction avec le Passeport<\/h2>\n\n\n\n<h1 class=\"wp-block-heading\">Visitez..<\/h1>\n\n\n\n<h3 class=\"wp-block-heading\"><a href=\"http:\/\/www.baumelesmessieurs.fr\/abbaye-de-baume-les-messieurs\/\">l\u2019Abbaye Imp\u00e9riale de Baume-les-Messieurs<\/a><\/h3>\n\n\n\n<p><img loading=\"lazy\" decoding=\"async\" src=\"http:\/\/www.baumelesmessieurs.fr\/wp-content\/uploads\/a1.jpg\" alt=\"\" width=\"1664\" height=\"644\"><br><strong>Visites guid\u00e9es (45\/60 mn) du 1er avril au 30 septembre<\/strong><\/p>\n\n\n\n<h1 class=\"wp-block-heading\">Plus!..<\/h1>\n\n\n\n<h3 class=\"wp-block-heading\"><a href=\"http:\/\/www.baumelesmessieurs.fr\/les-grottes-de-baume\/\">Les Grottes de Baume<\/a><\/h3>\n\n\n\n<p><img loading=\"lazy\" decoding=\"async\" src=\"http:\/\/www.baumelesmessieurs.fr\/wp-content\/uploads\/gh11.jpg\" alt=\"\" width=\"1664\" height=\"644\"><br><strong>Parmi les plus spectaculaires en Europe<\/strong><\/p>\n<\/div><\/div>\n\n\n\n","protected":false},"excerpt":{"rendered":"","protected":false},"author":3,"featured_media":0,"parent":0,"menu_order":0,"comment_status":"closed","ping_status":"closed","template":"","meta":{"_acf_changed":false,"_kad_post_transparent":"","_kad_post_title":"","_kad_post_layout":"","_kad_post_sidebar_id":"","_kad_post_content_style":"","_kad_post_vertical_padding":"","_kad_post_feature":"","_kad_post_feature_position":"","_kad_post_header":false,"_kad_post_footer":false,"footnotes":""},"class_list":["post-1603","page","type-page","status-publish","hentry"],"acf":[],"_links":{"self":[{"href":"https:\/\/matt.baume39.fr\/blm\/wp-json\/wp\/v2\/pages\/1603","targetHints":{"allow":["GET"]}}],"collection":[{"href":"https:\/\/matt.baume39.fr\/blm\/wp-json\/wp\/v2\/pages"}],"about":[{"href":"https:\/\/matt.baume39.fr\/blm\/wp-json\/wp\/v2\/types\/page"}],"author":[{"embeddable":true,"href":"https:\/\/matt.baume39.fr\/blm\/wp-json\/wp\/v2\/users\/3"}],"replies":[{"embeddable":true,"href":"https:\/\/matt.baume39.fr\/blm\/wp-json\/wp\/v2\/comments?post=1603"}],"version-history":[{"count":4,"href":"https:\/\/matt.baume39.fr\/blm\/wp-json\/wp\/v2\/pages\/1603\/revisions"}],"predecessor-version":[{"id":26753,"href":"https:\/\/matt.baume39.fr\/blm\/wp-json\/wp\/v2\/pages\/1603\/revisions\/26753"}],"wp:attachment":[{"href":"https:\/\/matt.baume39.fr\/blm\/wp-json\/wp\/v2\/media?parent=1603"}],"curies":[{"name":"wp","href":"https:\/\/api.w.org\/{rel}","templated":true}]}}