{"id":973,"date":"2024-08-21T11:09:00","date_gmt":"2024-08-21T10:09:00","guid":{"rendered":"https:\/\/matt.baume39.fr\/baume-tourism\/?page_id=973"},"modified":"2024-08-21T11:11:07","modified_gmt":"2024-08-21T10:11:07","slug":"federation-europeenne-des-sites-clunisiens","status":"publish","type":"page","link":"https:\/\/matt.baume39.fr\/baume-tourism\/federation-europeenne-des-sites-clunisiens\/","title":{"rendered":"F\u00e9d\u00e9ration Europ\u00e9enne des Sites Clunisiens"},"content":{"rendered":"<style>.kb-row-layout-id973_b6abe5-a8 > .kt-row-column-wrap{align-content:start;}:where(.kb-row-layout-id973_b6abe5-a8 > .kt-row-column-wrap) > .wp-block-kadence-column{justify-content:start;}.kb-row-layout-id973_b6abe5-a8 > .kt-row-column-wrap{column-gap:var(--global-kb-gap-md, 2rem);row-gap:var(--global-kb-gap-md, 2rem);padding-top:var(--global-kb-spacing-sm, 1.5rem);padding-bottom:var(--global-kb-spacing-sm, 1.5rem);grid-template-columns:minmax(0, 2fr) minmax(0, 1fr);}.kb-row-layout-id973_b6abe5-a8 > .kt-row-layout-overlay{opacity:0.30;}@media all and (max-width: 1024px){.kb-row-layout-id973_b6abe5-a8 > .kt-row-column-wrap{grid-template-columns:minmax(0, 2fr) minmax(0, 1fr);}}@media all and (max-width: 767px){.kb-row-layout-id973_b6abe5-a8 > .kt-row-column-wrap{grid-template-columns:minmax(0, 1fr);}}<\/style><div class=\"kb-row-layout-wrap kb-row-layout-id973_b6abe5-a8 alignnone wp-block-kadence-rowlayout\"><div class=\"kt-row-column-wrap kt-has-2-columns kt-row-layout-left-golden kt-tab-layout-inherit kt-mobile-layout-row kt-row-valign-top\">\n<style>.kadence-column973_6bb6af-cd > .kt-inside-inner-col,.kadence-column973_6bb6af-cd > .kt-inside-inner-col:before{border-top-left-radius:0px;border-top-right-radius:0px;border-bottom-right-radius:0px;border-bottom-left-radius:0px;}.kadence-column973_6bb6af-cd > .kt-inside-inner-col{column-gap:var(--global-kb-gap-sm, 1rem);}.kadence-column973_6bb6af-cd > .kt-inside-inner-col{flex-direction:column;}.kadence-column973_6bb6af-cd > .kt-inside-inner-col > .aligncenter{width:100%;}.kadence-column973_6bb6af-cd > .kt-inside-inner-col:before{opacity:0.3;}.kadence-column973_6bb6af-cd{position:relative;}@media all and (max-width: 1024px){.kadence-column973_6bb6af-cd > .kt-inside-inner-col{flex-direction:column;justify-content:center;}}@media all and (max-width: 767px){.kadence-column973_6bb6af-cd > .kt-inside-inner-col{flex-direction:column;justify-content:center;}}<\/style>\n<div class=\"wp-block-kadence-column kadence-column973_6bb6af-cd\"><div class=\"kt-inside-inner-col\">\n<p>La <strong>F\u00e9d\u00e9ration Europ\u00e9enne des Sites Clunisiens<\/strong> est une organisation qui regroupe un r\u00e9seau de sites historiques et patrimoniaux li\u00e9s \u00e0 l&#8217;influence de l&#8217;abbaye de Cluny, une des plus importantes abbayes b\u00e9n\u00e9dictines d&#8217;Europe au Moyen \u00c2ge. Fond\u00e9e en 1994, cette f\u00e9d\u00e9ration vise \u00e0 valoriser, pr\u00e9server et promouvoir le patrimoine clunisien \u00e0 travers toute l&#8217;Europe. Dans la r\u00e9gion du Jura, le village de <strong>Baume-les-Messieurs<\/strong> est un site clunisien remarquable, qui t\u00e9moigne de l&#8217;empreinte profonde de l&#8217;ordre de Cluny dans l&#8217;histoire et le patrimoine local.<\/p>\n\n\n\n<h3 class=\"wp-block-heading\"><strong>L&#8217;Abbaye de Baume-les-Messieurs<\/strong><\/h3>\n\n\n\n<p>L&#8217;abbaye de Baume-les-Messieurs est l&#8217;un des joyaux du patrimoine clunisien en France. Fond\u00e9e au IXe si\u00e8cle, elle devint rapidement un centre spirituel et monastique majeur. Cette abbaye a jou\u00e9 un r\u00f4le cl\u00e9 dans l&#8217;expansion de l&#8217;influence clunisienne dans la r\u00e9gion du Jura et au-del\u00e0. \u00c0 son apog\u00e9e, l&#8217;abbaye de Baume-les-Messieurs d\u00e9pendait directement de l&#8217;abbaye de Cluny, faisant partie du vaste r\u00e9seau de sites affili\u00e9s \u00e0 cette puissante institution religieuse.<\/p>\n\n\n\n<p>Le village de Baume-les-Messieurs, nich\u00e9 au c\u0153ur d&#8217;une recul\u00e9e spectaculaire, offre un cadre naturel exceptionnel qui renforce encore la majest\u00e9 du site. L&#8217;\u00e9glise abbatiale, avec ses \u00e9l\u00e9ments architecturaux romans et gothiques, ainsi que les vestiges du clo\u00eetre, t\u00e9moignent de l&#8217;importance religieuse et culturelle de cet endroit \u00e0 l&#8217;\u00e9poque m\u00e9di\u00e9vale.<\/p>\n\n\n\n<h3 class=\"wp-block-heading\"><strong>Le R\u00f4le de la F\u00e9d\u00e9ration Europ\u00e9enne des Sites Clunisiens<\/strong><\/h3>\n\n\n\n<p>La F\u00e9d\u00e9ration Europ\u00e9enne des Sites Clunisiens joue un r\u00f4le crucial dans la pr\u00e9servation et la valorisation des sites comme Baume-les-Messieurs. En int\u00e9grant ce r\u00e9seau, Baume-les-Messieurs b\u00e9n\u00e9ficie d&#8217;une reconnaissance internationale qui attire des visiteurs int\u00e9ress\u00e9s par l&#8217;histoire, l&#8217;art et l&#8217;architecture m\u00e9di\u00e9vale. La f\u00e9d\u00e9ration organise \u00e9galement des \u00e9v\u00e9nements, des expositions et des activit\u00e9s \u00e9ducatives pour sensibiliser le public \u00e0 l&#8217;importance du patrimoine clunisien et \u00e0 la n\u00e9cessit\u00e9 de le prot\u00e9ger.<\/p>\n\n\n\n<p>En outre, la f\u00e9d\u00e9ration encourage la collaboration entre les sites clunisiens \u00e0 travers l&#8217;Europe, favorisant ainsi des \u00e9changes culturels et la mise en place de projets communs. Cette dynamique permet de renforcer l&#8217;identit\u00e9 clunisienne des sites tout en les inscrivant dans un r\u00e9seau europ\u00e9en plus large.<\/p>\n\n\n\n<h3 class=\"wp-block-heading\"><strong>Impact sur Baume-les-Messieurs<\/strong><\/h3>\n\n\n\n<p>L&#8217;appartenance de Baume-les-Messieurs \u00e0 la F\u00e9d\u00e9ration Europ\u00e9enne des Sites Clunisiens a un impact positif sur le d\u00e9veloppement touristique et culturel du village. Gr\u00e2ce \u00e0 cette affiliation, Baume-les-Messieurs est mieux \u00e9quip\u00e9 pour accueillir les visiteurs, avec des infrastructures adapt\u00e9es et des initiatives pour valoriser le patrimoine local. La f\u00e9d\u00e9ration apporte \u00e9galement un soutien technique et financier pour la restauration des monuments, assurant ainsi la p\u00e9rennit\u00e9 du site.<\/p>\n\n\n\n<p>En outre, la mise en r\u00e9seau avec d&#8217;autres sites clunisiens permet \u00e0 Baume-les-Messieurs de b\u00e9n\u00e9ficier d&#8217;une visibilit\u00e9 accrue, attirant un public plus large et diversifi\u00e9. Les visiteurs peuvent ainsi d\u00e9couvrir non seulement l&#8217;abbaye, mais aussi les autres tr\u00e9sors naturels et historiques du village, tels que les grottes, les cascades, et les paysages exceptionnels de la recul\u00e9e.<\/p>\n\n\n\n<p><\/p>\n<\/div><\/div>\n\n\n<style>.kadence-column973_b02bca-de > .kt-inside-inner-col{padding-top:var(--global-kb-spacing-xs, 1rem);padding-right:var(--global-kb-spacing-xs, 1rem);padding-bottom:var(--global-kb-spacing-xs, 1rem);padding-left:var(--global-kb-spacing-xs, 1rem);}.kadence-column973_b02bca-de > .kt-inside-inner-col,.kadence-column973_b02bca-de > .kt-inside-inner-col:before{border-top-left-radius:0px;border-top-right-radius:0px;border-bottom-right-radius:0px;border-bottom-left-radius:0px;}.kadence-column973_b02bca-de > .kt-inside-inner-col{column-gap:var(--global-kb-gap-sm, 1rem);}.kadence-column973_b02bca-de > .kt-inside-inner-col{flex-direction:column;}.kadence-column973_b02bca-de > .kt-inside-inner-col > .aligncenter{width:100%;}.kadence-column973_b02bca-de > .kt-inside-inner-col{background-color:var(--global-palette8, #F7FAFC);}.kadence-column973_b02bca-de > .kt-inside-inner-col:before{opacity:0.3;}.kadence-column973_b02bca-de{position:relative;}@media all and (max-width: 1024px){.kadence-column973_b02bca-de > .kt-inside-inner-col{flex-direction:column;justify-content:center;}}@media all and (max-width: 767px){.kadence-column973_b02bca-de > .kt-inside-inner-col{flex-direction:column;justify-content:center;}}<\/style>\n<div class=\"wp-block-kadence-column kadence-column973_b02bca-de\"><div class=\"kt-inside-inner-col\"><style>.wp-block-kadence-advancedheading.kt-adv-heading973_ccb15c-af, .wp-block-kadence-advancedheading.kt-adv-heading973_ccb15c-af[data-kb-block=\"kb-adv-heading973_ccb15c-af\"]{font-style:normal;}.wp-block-kadence-advancedheading.kt-adv-heading973_ccb15c-af mark.kt-highlight, .wp-block-kadence-advancedheading.kt-adv-heading973_ccb15c-af[data-kb-block=\"kb-adv-heading973_ccb15c-af\"] mark.kt-highlight{font-style:normal;color:#f76a0c;-webkit-box-decoration-break:clone;box-decoration-break:clone;padding-top:0px;padding-right:0px;padding-bottom:0px;padding-left:0px;}.wp-block-kadence-advancedheading.kt-adv-heading973_ccb15c-af img.kb-inline-image, .wp-block-kadence-advancedheading.kt-adv-heading973_ccb15c-af[data-kb-block=\"kb-adv-heading973_ccb15c-af\"] img.kb-inline-image{width:150px;vertical-align:baseline;}<\/style>\n<h3 class=\"kt-adv-heading973_ccb15c-af wp-block-kadence-advancedheading\" data-kb-block=\"kb-adv-heading973_ccb15c-af\">Baume-les-Messieurs occupe une place privil\u00e9gi\u00e9e<\/h3>\n\n\n<style>.kb-image973_37f543-5b .kb-image-has-overlay:after{opacity:0.3;}<\/style>\n<figure class=\"wp-block-kadence-image kb-image973_37f543-5b size-full\"><img loading=\"lazy\" decoding=\"async\" width=\"400\" height=\"395\" src=\"http:\/\/matt.baume39.fr\/baume-tourism\/wp-content\/uploads\/sites\/10\/2024\/08\/Logo-des-sites-Clunisiens.jpg\" alt=\"\" class=\"kb-img wp-image-976\" srcset=\"https:\/\/matt.baume39.fr\/baume-tourism\/wp-content\/uploads\/sites\/10\/2024\/08\/Logo-des-sites-Clunisiens.jpg 400w, https:\/\/matt.baume39.fr\/baume-tourism\/wp-content\/uploads\/sites\/10\/2024\/08\/Logo-des-sites-Clunisiens-300x296.jpg 300w\" sizes=\"auto, (max-width: 400px) 100vw, 400px\" \/><\/figure>\n\n\n\n<p>Baume-les-Messieurs, en tant que membre de la F\u00e9d\u00e9ration Europ\u00e9enne des Sites Clunisiens, occupe une place privil\u00e9gi\u00e9e dans le r\u00e9seau des sites clunisiens europ\u00e9ens. <\/p>\n\n\n\n<p>Cette affiliation renforce la reconnaissance de son patrimoine exceptionnel et contribue \u00e0 sa pr\u00e9servation et \u00e0 sa valorisation. <\/p>\n\n\n\n<p>Pour les habitants comme pour les visiteurs, l&#8217;int\u00e9gration de Baume-les-Messieurs dans ce r\u00e9seau est une v\u00e9ritable opportunit\u00e9 de red\u00e9couvrir l&#8217;histoire et la beaut\u00e9 de ce lieu unique, tout en participant \u00e0 la pr\u00e9servation d&#8217;un patrimoine qui traverse les si\u00e8cles.<\/p>\n<\/div><\/div>\n\n<\/div><\/div>","protected":false},"excerpt":{"rendered":"<p>La F\u00e9d\u00e9ration Europ\u00e9enne des Sites Clunisiens est une organisation qui regroupe un r\u00e9seau de sites historiques et patrimoniaux li\u00e9s \u00e0 l&#8217;influence de l&#8217;abbaye de Cluny, une des plus importantes abbayes b\u00e9n\u00e9dictines d&#8217;Europe au Moyen \u00c2ge. Fond\u00e9e en 1994, cette f\u00e9d\u00e9ration vise \u00e0 valoriser, pr\u00e9server et promouvoir le patrimoine clunisien \u00e0 travers toute l&#8217;Europe. Dans la&#8230;<\/p>\n","protected":false},"author":1,"featured_media":0,"parent":0,"menu_order":0,"comment_status":"closed","ping_status":"closed","template":"","meta":{"_acf_changed":false,"_kadence_starter_templates_imported_post":false,"_kad_post_transparent":"","_kad_post_title":"","_kad_post_layout":"","_kad_post_sidebar_id":"","_kad_post_content_style":"","_kad_post_vertical_padding":"","_kad_post_feature":"","_kad_post_feature_position":"","_kad_post_header":false,"_kad_post_footer":false,"footnotes":""},"class_list":["post-973","page","type-page","status-publish","hentry"],"acf":[],"_links":{"self":[{"href":"https:\/\/matt.baume39.fr\/baume-tourism\/wp-json\/wp\/v2\/pages\/973","targetHints":{"allow":["GET"]}}],"collection":[{"href":"https:\/\/matt.baume39.fr\/baume-tourism\/wp-json\/wp\/v2\/pages"}],"about":[{"href":"https:\/\/matt.baume39.fr\/baume-tourism\/wp-json\/wp\/v2\/types\/page"}],"author":[{"embeddable":true,"href":"https:\/\/matt.baume39.fr\/baume-tourism\/wp-json\/wp\/v2\/users\/1"}],"replies":[{"embeddable":true,"href":"https:\/\/matt.baume39.fr\/baume-tourism\/wp-json\/wp\/v2\/comments?post=973"}],"version-history":[{"count":2,"href":"https:\/\/matt.baume39.fr\/baume-tourism\/wp-json\/wp\/v2\/pages\/973\/revisions"}],"predecessor-version":[{"id":977,"href":"https:\/\/matt.baume39.fr\/baume-tourism\/wp-json\/wp\/v2\/pages\/973\/revisions\/977"}],"wp:attachment":[{"href":"https:\/\/matt.baume39.fr\/baume-tourism\/wp-json\/wp\/v2\/media?parent=973"}],"curies":[{"name":"wp","href":"https:\/\/api.w.org\/{rel}","templated":true}]}}