{"id":853,"date":"2024-06-19T05:47:00","date_gmt":"2024-06-19T04:47:00","guid":{"rendered":"https:\/\/matt.baume39.fr\/baume-tourism\/?page_id=853"},"modified":"2024-08-19T06:15:05","modified_gmt":"2024-08-19T05:15:05","slug":"transport-public-a-baume","status":"publish","type":"page","link":"https:\/\/matt.baume39.fr\/baume-tourism\/transport-public-a-baume\/","title":{"rendered":"Transport public \u00e0 Baume"},"content":{"rendered":"<style>.kb-row-layout-id853_0c7fb9-bf > .kt-row-column-wrap{align-content:start;}:where(.kb-row-layout-id853_0c7fb9-bf > .kt-row-column-wrap) > .wp-block-kadence-column{justify-content:start;}.kb-row-layout-id853_0c7fb9-bf > .kt-row-column-wrap{column-gap:var(--global-kb-gap-md, 2rem);row-gap:var(--global-kb-gap-md, 2rem);padding-top:var(--global-kb-spacing-sm, 1.5rem);padding-bottom:var(--global-kb-spacing-sm, 1.5rem);grid-template-columns:minmax(0, 2fr) minmax(0, 1fr);}.kb-row-layout-id853_0c7fb9-bf > .kt-row-layout-overlay{opacity:0.30;}@media all and (max-width: 1024px){.kb-row-layout-id853_0c7fb9-bf > .kt-row-column-wrap{grid-template-columns:minmax(0, 2fr) minmax(0, 1fr);}}@media all and (max-width: 767px){.kb-row-layout-id853_0c7fb9-bf > .kt-row-column-wrap{grid-template-columns:minmax(0, 1fr);}}<\/style><div class=\"kb-row-layout-wrap kb-row-layout-id853_0c7fb9-bf alignnone wp-block-kadence-rowlayout\"><div class=\"kt-row-column-wrap kt-has-2-columns kt-row-layout-left-golden kt-tab-layout-inherit kt-mobile-layout-row kt-row-valign-top\">\n<style>.kadence-column853_cfa7b6-80 > .kt-inside-inner-col,.kadence-column853_cfa7b6-80 > .kt-inside-inner-col:before{border-top-left-radius:0px;border-top-right-radius:0px;border-bottom-right-radius:0px;border-bottom-left-radius:0px;}.kadence-column853_cfa7b6-80 > .kt-inside-inner-col{column-gap:var(--global-kb-gap-sm, 1rem);}.kadence-column853_cfa7b6-80 > .kt-inside-inner-col{flex-direction:column;}.kadence-column853_cfa7b6-80 > .kt-inside-inner-col > .aligncenter{width:100%;}.kadence-column853_cfa7b6-80 > .kt-inside-inner-col:before{opacity:0.3;}.kadence-column853_cfa7b6-80{position:relative;}@media all and (max-width: 1024px){.kadence-column853_cfa7b6-80 > .kt-inside-inner-col{flex-direction:column;justify-content:center;}}@media all and (max-width: 767px){.kadence-column853_cfa7b6-80 > .kt-inside-inner-col{flex-direction:column;justify-content:center;}}<\/style>\n<div class=\"wp-block-kadence-column kadence-column853_cfa7b6-80\"><div class=\"kt-inside-inner-col\">\n<p>Am\u00e9liorer les infrastructures de transport public \u00e0 Baume-les-Messieurs pourrait avoir un impact significatif sur le d\u00e9veloppement du tourisme durable ainsi que sur le bien-\u00eatre des r\u00e9sidents. <\/p>\n\n\n\n<p>En offrant des options de transport plus accessibles et respectueuses de l&#8217;environnement, le village pourrait non seulement attirer davantage de visiteurs, mais aussi am\u00e9liorer la qualit\u00e9 de vie de sa population locale.<\/p>\n\n\n\n<h3 class=\"wp-block-heading\">Impact positif sur le d\u00e9veloppement du tourisme durable<\/h3>\n\n\n\n<p>Le d\u00e9veloppement d\u2019un r\u00e9seau de transports publics efficace permettrait \u00e0 Baume-les-Messieurs de se positionner comme une destination de choix pour les touristes soucieux de l&#8217;environnement. En facilitant l\u2019acc\u00e8s au village par des moyens de transport plus durables, tels que des bus \u00e9lectriques ou des navettes, Baume-les-Messieurs pourrait r\u00e9duire sa d\u00e9pendance \u00e0 l\u2019automobile, diminuant ainsi les \u00e9missions de CO2 li\u00e9es aux d\u00e9placements touristiques.<\/p>\n\n\n\n<p>De plus, l\u2019am\u00e9lioration des transports publics ouvrirait la voie \u00e0 des initiatives comme des circuits touristiques reliant Baume-les-Messieurs \u00e0 d\u2019autres sites naturels et culturels de la r\u00e9gion. <\/p>\n\n\n\n<p>Ces liaisons renforceraient l\u2019attractivit\u00e9 du village tout en encourageant les visiteurs \u00e0 explorer les environs de mani\u00e8re \u00e9cologique. En cons\u00e9quence, cela stimulerait une forme de tourisme plus respectueuse de l\u2019environnement, align\u00e9e avec les objectifs du d\u00e9veloppement durable.<\/p>\n\n\n\n<h3 class=\"wp-block-heading\">Am\u00e9lioration du bien-\u00eatre des r\u00e9sidents<\/h3>\n\n\n\n<p>Pour les habitants de Baume-les-Messieurs, l&#8217;am\u00e9lioration des transports publics apporterait de nombreux avantages. Un acc\u00e8s plus facile aux services de transport r\u00e9duirait l&#8217;isolement des r\u00e9sidents, en particulier des personnes \u00e2g\u00e9es, des jeunes, et des m\u00e9nages sans v\u00e9hicule. Ils pourraient ainsi acc\u00e9der plus facilement aux services essentiels, tels que les soins de sant\u00e9, les commerces, et les \u00e9tablissements scolaires, am\u00e9liorant leur qualit\u00e9 de vie.<\/p>\n\n\n\n<p>En outre, un meilleur r\u00e9seau de transport public offrirait aux r\u00e9sidents plus d&#8217;opportunit\u00e9s d&#8217;emploi, en facilitant les d\u00e9placements vers les zones urbaines ou les centres \u00e9conomiques proches. Cela pourrait \u00e9galement encourager les jeunes \u00e0 rester dans le village plut\u00f4t que de partir vers des zones mieux desservies.<\/p>\n\n\n\n<p>Sur le plan \u00e9conomique, la disponibilit\u00e9 de transports publics r\u00e9duirait les co\u00fbts li\u00e9s \u00e0 la possession d&#8217;une voiture, comme les frais de carburant, d&#8217;entretien, et d&#8217;assurance. Cela all\u00e9gerait la charge financi\u00e8re des m\u00e9nages et pourrait contribuer \u00e0 r\u00e9duire les in\u00e9galit\u00e9s \u00e9conomiques.<\/p>\n\n\n\n<h3 class=\"wp-block-heading\">Renforcement de la coh\u00e9sion sociale et de la communaut\u00e9<\/h3>\n\n\n\n<p>L&#8217;am\u00e9lioration des transports publics favoriserait \u00e9galement une plus grande coh\u00e9sion sociale au sein de la communaut\u00e9. En facilitant les \u00e9changes et les rencontres entre les r\u00e9sidents et les visiteurs, ces infrastructures pourraient renforcer le lien social et encourager un sentiment de communaut\u00e9. Les r\u00e9sidents pourraient participer plus activement aux \u00e9v\u00e9nements locaux, aux activit\u00e9s culturelles, et aux initiatives communautaires, ce qui dynamiserait la vie sociale du village.<\/p>\n\n\n\n<p><\/p>\n<\/div><\/div>\n\n\n<style>.kadence-column853_aa21b8-fc > .kt-inside-inner-col{padding-top:var(--global-kb-spacing-xs, 1rem);padding-right:var(--global-kb-spacing-xs, 1rem);padding-bottom:var(--global-kb-spacing-xs, 1rem);padding-left:var(--global-kb-spacing-xs, 1rem);}.kadence-column853_aa21b8-fc > .kt-inside-inner-col,.kadence-column853_aa21b8-fc > .kt-inside-inner-col:before{border-top-left-radius:0px;border-top-right-radius:0px;border-bottom-right-radius:0px;border-bottom-left-radius:0px;}.kadence-column853_aa21b8-fc > .kt-inside-inner-col{column-gap:var(--global-kb-gap-sm, 1rem);}.kadence-column853_aa21b8-fc > .kt-inside-inner-col{flex-direction:column;}.kadence-column853_aa21b8-fc > .kt-inside-inner-col > .aligncenter{width:100%;}.kadence-column853_aa21b8-fc > .kt-inside-inner-col{background-color:var(--global-palette8, #F7FAFC);}.kadence-column853_aa21b8-fc > .kt-inside-inner-col:before{opacity:0.3;}.kadence-column853_aa21b8-fc{position:relative;}@media all and (max-width: 1024px){.kadence-column853_aa21b8-fc > .kt-inside-inner-col{flex-direction:column;justify-content:center;}}@media all and (max-width: 767px){.kadence-column853_aa21b8-fc > .kt-inside-inner-col{flex-direction:column;justify-content:center;}}<\/style>\n<div class=\"wp-block-kadence-column kadence-column853_aa21b8-fc\"><div class=\"kt-inside-inner-col\"><style>.wp-block-kadence-advancedheading.kt-adv-heading853_e7339c-69, .wp-block-kadence-advancedheading.kt-adv-heading853_e7339c-69[data-kb-block=\"kb-adv-heading853_e7339c-69\"]{font-style:normal;}.wp-block-kadence-advancedheading.kt-adv-heading853_e7339c-69 mark.kt-highlight, .wp-block-kadence-advancedheading.kt-adv-heading853_e7339c-69[data-kb-block=\"kb-adv-heading853_e7339c-69\"] mark.kt-highlight{font-style:normal;color:#f76a0c;-webkit-box-decoration-break:clone;box-decoration-break:clone;padding-top:0px;padding-right:0px;padding-bottom:0px;padding-left:0px;}.wp-block-kadence-advancedheading.kt-adv-heading853_e7339c-69 img.kb-inline-image, .wp-block-kadence-advancedheading.kt-adv-heading853_e7339c-69[data-kb-block=\"kb-adv-heading853_e7339c-69\"] img.kb-inline-image{width:150px;vertical-align:baseline;}<\/style>\n<h3 class=\"kt-adv-heading853_e7339c-69 wp-block-kadence-advancedheading\" data-kb-block=\"kb-adv-heading853_e7339c-69\">Investir dans l&#8217;am\u00e9lioration des transports publics \u00e0 Baume<\/h3>\n\n\n\n<p>Investir dans l&#8217;am\u00e9lioration des transports publics \u00e0 Baume-les-Messieurs aurait des retomb\u00e9es positives \u00e0 la fois sur le d\u00e9veloppement du tourisme durable et sur le bien-\u00eatre des r\u00e9sidents. <\/p>\n\n\n<style>.kb-image853_fd29cb-55 .kb-image-has-overlay:after{opacity:0.3;}<\/style>\n<figure class=\"wp-block-kadence-image kb-image853_fd29cb-55 size-large\"><img loading=\"lazy\" decoding=\"async\" width=\"1024\" height=\"554\" src=\"https:\/\/matt.baume39.fr\/baume-tourism\/wp-content\/uploads\/sites\/10\/2024\/08\/IMG_6193-1024x554.jpg\" alt=\"\" class=\"kb-img wp-image-866\" srcset=\"https:\/\/matt.baume39.fr\/baume-tourism\/wp-content\/uploads\/sites\/10\/2024\/08\/IMG_6193-1024x554.jpg 1024w, https:\/\/matt.baume39.fr\/baume-tourism\/wp-content\/uploads\/sites\/10\/2024\/08\/IMG_6193-300x162.jpg 300w, https:\/\/matt.baume39.fr\/baume-tourism\/wp-content\/uploads\/sites\/10\/2024\/08\/IMG_6193-768x415.jpg 768w, https:\/\/matt.baume39.fr\/baume-tourism\/wp-content\/uploads\/sites\/10\/2024\/08\/IMG_6193-1536x830.jpg 1536w, https:\/\/matt.baume39.fr\/baume-tourism\/wp-content\/uploads\/sites\/10\/2024\/08\/IMG_6193-500x270.jpg 500w, https:\/\/matt.baume39.fr\/baume-tourism\/wp-content\/uploads\/sites\/10\/2024\/08\/IMG_6193-800x433.jpg 800w, https:\/\/matt.baume39.fr\/baume-tourism\/wp-content\/uploads\/sites\/10\/2024\/08\/IMG_6193-1280x692.jpg 1280w, https:\/\/matt.baume39.fr\/baume-tourism\/wp-content\/uploads\/sites\/10\/2024\/08\/IMG_6193.jpg 1600w\" sizes=\"auto, (max-width: 1024px) 100vw, 1024px\" \/><\/figure>\n\n\n\n<p>Un r\u00e9seau de transport public efficace permettrait non seulement de r\u00e9duire l&#8217;empreinte \u00e9cologique des visiteurs, mais aussi d&#8217;am\u00e9liorer l&#8217;accessibilit\u00e9, la qualit\u00e9 de vie, et la coh\u00e9sion sociale des habitants. <\/p>\n\n\n\n<p>En adoptant une approche int\u00e9gr\u00e9e du transport et du d\u00e9veloppement durable, Baume-les-Messieurs pourrait devenir un mod\u00e8le de village o\u00f9 le tourisme et la vie locale coexistent en harmonie.<\/p>\n<\/div><\/div>\n\n<\/div><\/div>","protected":false},"excerpt":{"rendered":"<p>Am\u00e9liorer les infrastructures de transport public \u00e0 Baume-les-Messieurs pourrait avoir un impact significatif sur le d\u00e9veloppement du tourisme durable ainsi que sur le bien-\u00eatre des r\u00e9sidents. En offrant des options de transport plus accessibles et respectueuses de l&#8217;environnement, le village pourrait non seulement attirer davantage de visiteurs, mais aussi am\u00e9liorer la qualit\u00e9 de vie de&#8230;<\/p>\n","protected":false},"author":1,"featured_media":0,"parent":0,"menu_order":0,"comment_status":"closed","ping_status":"closed","template":"","meta":{"_acf_changed":false,"_kadence_starter_templates_imported_post":false,"_kad_post_transparent":"","_kad_post_title":"","_kad_post_layout":"","_kad_post_sidebar_id":"","_kad_post_content_style":"","_kad_post_vertical_padding":"","_kad_post_feature":"","_kad_post_feature_position":"","_kad_post_header":false,"_kad_post_footer":false,"footnotes":""},"class_list":["post-853","page","type-page","status-publish","hentry"],"acf":[],"_links":{"self":[{"href":"https:\/\/matt.baume39.fr\/baume-tourism\/wp-json\/wp\/v2\/pages\/853","targetHints":{"allow":["GET"]}}],"collection":[{"href":"https:\/\/matt.baume39.fr\/baume-tourism\/wp-json\/wp\/v2\/pages"}],"about":[{"href":"https:\/\/matt.baume39.fr\/baume-tourism\/wp-json\/wp\/v2\/types\/page"}],"author":[{"embeddable":true,"href":"https:\/\/matt.baume39.fr\/baume-tourism\/wp-json\/wp\/v2\/users\/1"}],"replies":[{"embeddable":true,"href":"https:\/\/matt.baume39.fr\/baume-tourism\/wp-json\/wp\/v2\/comments?post=853"}],"version-history":[{"count":4,"href":"https:\/\/matt.baume39.fr\/baume-tourism\/wp-json\/wp\/v2\/pages\/853\/revisions"}],"predecessor-version":[{"id":867,"href":"https:\/\/matt.baume39.fr\/baume-tourism\/wp-json\/wp\/v2\/pages\/853\/revisions\/867"}],"wp:attachment":[{"href":"https:\/\/matt.baume39.fr\/baume-tourism\/wp-json\/wp\/v2\/media?parent=853"}],"curies":[{"name":"wp","href":"https:\/\/api.w.org\/{rel}","templated":true}]}}