{"id":657,"date":"2024-02-13T15:48:00","date_gmt":"2024-02-13T15:48:00","guid":{"rendered":"https:\/\/matt.baume39.fr\/baume-tourism\/?page_id=657"},"modified":"2024-08-14T13:50:02","modified_gmt":"2024-08-14T12:50:02","slug":"le-climat-de-baume-les-messieurs","status":"publish","type":"page","link":"https:\/\/matt.baume39.fr\/baume-tourism\/le-climat-de-baume-les-messieurs\/","title":{"rendered":"Le climat de Baume-les-Messieurs"},"content":{"rendered":"<style>.kb-row-layout-id657_af4d3f-b2 > .kt-row-column-wrap{align-content:start;}:where(.kb-row-layout-id657_af4d3f-b2 > .kt-row-column-wrap) > .wp-block-kadence-column{justify-content:start;}.kb-row-layout-id657_af4d3f-b2 > .kt-row-column-wrap{column-gap:var(--global-kb-gap-md, 2rem);row-gap:var(--global-kb-gap-md, 2rem);padding-top:var(--global-kb-spacing-sm, 1.5rem);padding-bottom:var(--global-kb-spacing-sm, 1.5rem);grid-template-columns:minmax(0, 2fr) minmax(0, 1fr);}.kb-row-layout-id657_af4d3f-b2 > .kt-row-layout-overlay{opacity:0.30;}@media all and (max-width: 1024px){.kb-row-layout-id657_af4d3f-b2 > .kt-row-column-wrap{grid-template-columns:minmax(0, 2fr) minmax(0, 1fr);}}@media all and (max-width: 767px){.kb-row-layout-id657_af4d3f-b2 > .kt-row-column-wrap{grid-template-columns:minmax(0, 1fr);}}<\/style><div class=\"kb-row-layout-wrap kb-row-layout-id657_af4d3f-b2 alignnone wp-block-kadence-rowlayout\"><div class=\"kt-row-column-wrap kt-has-2-columns kt-row-layout-left-golden kt-tab-layout-inherit kt-mobile-layout-row kt-row-valign-top\">\n<style>.kadence-column657_31286d-a1 > .kt-inside-inner-col,.kadence-column657_31286d-a1 > .kt-inside-inner-col:before{border-top-left-radius:0px;border-top-right-radius:0px;border-bottom-right-radius:0px;border-bottom-left-radius:0px;}.kadence-column657_31286d-a1 > .kt-inside-inner-col{column-gap:var(--global-kb-gap-sm, 1rem);}.kadence-column657_31286d-a1 > .kt-inside-inner-col{flex-direction:column;}.kadence-column657_31286d-a1 > .kt-inside-inner-col > .aligncenter{width:100%;}.kadence-column657_31286d-a1 > .kt-inside-inner-col:before{opacity:0.3;}.kadence-column657_31286d-a1{position:relative;}@media all and (max-width: 1024px){.kadence-column657_31286d-a1 > .kt-inside-inner-col{flex-direction:column;justify-content:center;}}@media all and (max-width: 767px){.kadence-column657_31286d-a1 > .kt-inside-inner-col{flex-direction:column;justify-content:center;}}<\/style>\n<div class=\"wp-block-kadence-column kadence-column657_31286d-a1\"><div class=\"kt-inside-inner-col\">\n<p>Le climat de Baume-les-Messieurs, situ\u00e9 dans le d\u00e9partement du Jura en r\u00e9gion Bourgogne-Franche-Comt\u00e9, est de type continental, caract\u00e9ris\u00e9 par des hivers froids et des \u00e9t\u00e9s mod\u00e9r\u00e9ment chauds. Ce climat est influenc\u00e9 par la topographie particuli\u00e8re du village, nich\u00e9 au c\u0153ur d&#8217;une recul\u00e9e, une formation g\u00e9ologique typique de la r\u00e9gion, qui mod\u00e8re les variations de temp\u00e9rature et cr\u00e9e des microclimats locaux.<\/p>\n\n\n<style>.kb-image657_c292b5-94 .kb-image-has-overlay:after{opacity:0.3;}<\/style>\n<figure class=\"wp-block-kadence-image kb-image657_c292b5-94 size-large\"><img loading=\"lazy\" decoding=\"async\" width=\"1024\" height=\"408\" src=\"http:\/\/matt.baume39.fr\/baume-tourism\/wp-content\/uploads\/sites\/10\/2024\/08\/IMG_2297-1024x408.jpg\" alt=\"\" class=\"kb-img wp-image-703\" srcset=\"https:\/\/matt.baume39.fr\/baume-tourism\/wp-content\/uploads\/sites\/10\/2024\/08\/IMG_2297-1024x408.jpg 1024w, https:\/\/matt.baume39.fr\/baume-tourism\/wp-content\/uploads\/sites\/10\/2024\/08\/IMG_2297-300x120.jpg 300w, https:\/\/matt.baume39.fr\/baume-tourism\/wp-content\/uploads\/sites\/10\/2024\/08\/IMG_2297-768x306.jpg 768w, https:\/\/matt.baume39.fr\/baume-tourism\/wp-content\/uploads\/sites\/10\/2024\/08\/IMG_2297-1536x612.jpg 1536w, https:\/\/matt.baume39.fr\/baume-tourism\/wp-content\/uploads\/sites\/10\/2024\/08\/IMG_2297-500x199.jpg 500w, https:\/\/matt.baume39.fr\/baume-tourism\/wp-content\/uploads\/sites\/10\/2024\/08\/IMG_2297-800x319.jpg 800w, https:\/\/matt.baume39.fr\/baume-tourism\/wp-content\/uploads\/sites\/10\/2024\/08\/IMG_2297-1280x510.jpg 1280w, https:\/\/matt.baume39.fr\/baume-tourism\/wp-content\/uploads\/sites\/10\/2024\/08\/IMG_2297.jpg 1600w\" sizes=\"auto, (max-width: 1024px) 100vw, 1024px\" \/><\/figure>\n\n\n\n<p>En hiver, les temp\u00e9ratures \u00e0 Baume-les-Messieurs peuvent descendre r\u00e9guli\u00e8rement en dessous de z\u00e9ro, avec des \u00e9pisodes de neige fr\u00e9quents qui recouvrent le village d&#8217;un manteau blanc, ajoutant \u00e0 son charme pittoresque. Les pr\u00e9cipitations sont assez abondantes durant cette p\u00e9riode, souvent sous forme de neige, ce qui contribue \u00e0 l&#8217;atmosph\u00e8re paisible et tranquille du village. Les visiteurs qui s&#8217;aventurent \u00e0 Baume-les-Messieurs en hiver peuvent d\u00e9couvrir des paysages transform\u00e9s, o\u00f9 les falaises et la vall\u00e9e prennent un aspect presque f\u00e9erique sous la neige.<\/p>\n\n\n\n<p>Le printemps apporte un redoux progressif, avec des temp\u00e9ratures qui commencent \u00e0 grimper et une nature qui se r\u00e9veille. C&#8217;est une p\u00e9riode o\u00f9 la v\u00e9g\u00e9tation reprend vie, avec des fleurs sauvages qui tapissent les prairies et les bois entourant le village. Les pr\u00e9cipitations restent fr\u00e9quentes, mais elles apportent \u00e9galement une verdure luxuriante qui rend les paysages encore plus spectaculaires.<\/p>\n\n\n\n<p>L&#8217;\u00e9t\u00e9 \u00e0 Baume-les-Messieurs est doux, avec des temp\u00e9ratures g\u00e9n\u00e9ralement comprises entre 20 et 25 degr\u00e9s Celsius. Cette saison est id\u00e9ale pour explorer les environs, faire des randonn\u00e9es ou visiter les sites naturels et historiques du village. Les journ\u00e9es sont longues et ensoleill\u00e9es, bien que des orages puissent parfois survenir, rafra\u00eechissant l&#8217;atmosph\u00e8re apr\u00e8s les journ\u00e9es chaudes. L&#8217;\u00e9t\u00e9 est la saison touristique par excellence, o\u00f9 le village accueille de nombreux visiteurs venus profiter de son cadre naturel exceptionnel.<\/p>\n\n\n\n<p>L&#8217;automne, quant \u00e0 lui, est marqu\u00e9 par une baisse progressive des temp\u00e9ratures et un retour des pr\u00e9cipitations plus fr\u00e9quentes. Les for\u00eats environnantes se parent de couleurs flamboyantes, passant du vert au jaune, \u00e0 l&#8217;orange et au rouge, offrant des paysages d&#8217;une beaut\u00e9 saisissante. C&#8217;est aussi une p\u00e9riode plus calme, o\u00f9 les visiteurs peuvent appr\u00e9cier la qui\u00e9tude du village avant l&#8217;arriv\u00e9e de l&#8217;hiver.<\/p>\n<\/div><\/div>\n\n\n<style>.kadence-column657_e73df1-e7 > .kt-inside-inner-col{padding-top:var(--global-kb-spacing-xs, 1rem);padding-right:var(--global-kb-spacing-xs, 1rem);padding-bottom:var(--global-kb-spacing-xs, 1rem);padding-left:var(--global-kb-spacing-xs, 1rem);}.kadence-column657_e73df1-e7 > .kt-inside-inner-col,.kadence-column657_e73df1-e7 > .kt-inside-inner-col:before{border-top-left-radius:0px;border-top-right-radius:0px;border-bottom-right-radius:0px;border-bottom-left-radius:0px;}.kadence-column657_e73df1-e7 > .kt-inside-inner-col{column-gap:var(--global-kb-gap-sm, 1rem);}.kadence-column657_e73df1-e7 > .kt-inside-inner-col{flex-direction:column;}.kadence-column657_e73df1-e7 > .kt-inside-inner-col > .aligncenter{width:100%;}.kadence-column657_e73df1-e7 > .kt-inside-inner-col{background-color:var(--global-palette8, #F7FAFC);}.kadence-column657_e73df1-e7 > .kt-inside-inner-col:before{opacity:0.3;}.kadence-column657_e73df1-e7{position:relative;}@media all and (max-width: 1024px){.kadence-column657_e73df1-e7 > .kt-inside-inner-col{flex-direction:column;justify-content:center;}}@media all and (max-width: 767px){.kadence-column657_e73df1-e7 > .kt-inside-inner-col{flex-direction:column;justify-content:center;}}<\/style>\n<div class=\"wp-block-kadence-column kadence-column657_e73df1-e7\"><div class=\"kt-inside-inner-col\"><style>.wp-block-kadence-advancedheading.kt-adv-heading657_28228d-df, .wp-block-kadence-advancedheading.kt-adv-heading657_28228d-df[data-kb-block=\"kb-adv-heading657_28228d-df\"]{font-style:normal;}.wp-block-kadence-advancedheading.kt-adv-heading657_28228d-df mark.kt-highlight, .wp-block-kadence-advancedheading.kt-adv-heading657_28228d-df[data-kb-block=\"kb-adv-heading657_28228d-df\"] mark.kt-highlight{font-style:normal;color:#f76a0c;-webkit-box-decoration-break:clone;box-decoration-break:clone;padding-top:0px;padding-right:0px;padding-bottom:0px;padding-left:0px;}.wp-block-kadence-advancedheading.kt-adv-heading657_28228d-df img.kb-inline-image, .wp-block-kadence-advancedheading.kt-adv-heading657_28228d-df[data-kb-block=\"kb-adv-heading657_28228d-df\"] img.kb-inline-image{width:150px;vertical-align:baseline;}<\/style>\n<h3 class=\"kt-adv-heading657_28228d-df wp-block-kadence-advancedheading\" data-kb-block=\"kb-adv-heading657_28228d-df\">Chaque saison apporte une ambiance unique<\/h3>\n\n\n\n<p>Le climat de Baume-les-Messieurs, avec ses variations saisonni\u00e8res marqu\u00e9es, contribue largement \u00e0 la diversit\u00e9 et \u00e0 la richesse des paysages qui entourent le village. <\/p>\n\n\n<style>.kb-image657_a20f41-74 .kb-image-has-overlay:after{opacity:0.3;}<\/style>\n<figure class=\"wp-block-kadence-image kb-image657_a20f41-74 size-full\"><img loading=\"lazy\" decoding=\"async\" width=\"1024\" height=\"408\" src=\"http:\/\/matt.baume39.fr\/baume-tourism\/wp-content\/uploads\/sites\/10\/2024\/08\/h3.jpg\" alt=\"\" class=\"kb-img wp-image-673\" srcset=\"https:\/\/matt.baume39.fr\/baume-tourism\/wp-content\/uploads\/sites\/10\/2024\/08\/h3.jpg 1024w, https:\/\/matt.baume39.fr\/baume-tourism\/wp-content\/uploads\/sites\/10\/2024\/08\/h3-300x120.jpg 300w, https:\/\/matt.baume39.fr\/baume-tourism\/wp-content\/uploads\/sites\/10\/2024\/08\/h3-768x306.jpg 768w, https:\/\/matt.baume39.fr\/baume-tourism\/wp-content\/uploads\/sites\/10\/2024\/08\/h3-500x199.jpg 500w, https:\/\/matt.baume39.fr\/baume-tourism\/wp-content\/uploads\/sites\/10\/2024\/08\/h3-800x319.jpg 800w\" sizes=\"auto, (max-width: 1024px) 100vw, 1024px\" \/><\/figure>\n\n\n\n<p>Que ce soit sous la neige en hiver, dans la fra\u00eecheur printani\u00e8re, sous le soleil d&#8217;\u00e9t\u00e9, ou parmi les couleurs chatoyantes de l&#8217;automne, chaque saison apporte une ambiance unique \u00e0 ce village enchanteur.<\/p>\n<\/div><\/div>\n\n<\/div><\/div>\n\n\n<p><\/p>\n","protected":false},"excerpt":{"rendered":"<p>Le climat de Baume-les-Messieurs, situ\u00e9 dans le d\u00e9partement du Jura en r\u00e9gion Bourgogne-Franche-Comt\u00e9, est de type continental, caract\u00e9ris\u00e9 par des hivers froids et des \u00e9t\u00e9s mod\u00e9r\u00e9ment chauds. Ce climat est influenc\u00e9 par la topographie particuli\u00e8re du village, nich\u00e9 au c\u0153ur d&#8217;une recul\u00e9e, une formation g\u00e9ologique typique de la r\u00e9gion, qui mod\u00e8re les variations de temp\u00e9rature&#8230;<\/p>\n","protected":false},"author":1,"featured_media":0,"parent":0,"menu_order":0,"comment_status":"closed","ping_status":"closed","template":"","meta":{"_acf_changed":false,"_kadence_starter_templates_imported_post":false,"_kad_post_transparent":"","_kad_post_title":"","_kad_post_layout":"","_kad_post_sidebar_id":"","_kad_post_content_style":"","_kad_post_vertical_padding":"","_kad_post_feature":"","_kad_post_feature_position":"","_kad_post_header":false,"_kad_post_footer":false,"footnotes":""},"class_list":["post-657","page","type-page","status-publish","hentry"],"acf":[],"_links":{"self":[{"href":"https:\/\/matt.baume39.fr\/baume-tourism\/wp-json\/wp\/v2\/pages\/657","targetHints":{"allow":["GET"]}}],"collection":[{"href":"https:\/\/matt.baume39.fr\/baume-tourism\/wp-json\/wp\/v2\/pages"}],"about":[{"href":"https:\/\/matt.baume39.fr\/baume-tourism\/wp-json\/wp\/v2\/types\/page"}],"author":[{"embeddable":true,"href":"https:\/\/matt.baume39.fr\/baume-tourism\/wp-json\/wp\/v2\/users\/1"}],"replies":[{"embeddable":true,"href":"https:\/\/matt.baume39.fr\/baume-tourism\/wp-json\/wp\/v2\/comments?post=657"}],"version-history":[{"count":3,"href":"https:\/\/matt.baume39.fr\/baume-tourism\/wp-json\/wp\/v2\/pages\/657\/revisions"}],"predecessor-version":[{"id":704,"href":"https:\/\/matt.baume39.fr\/baume-tourism\/wp-json\/wp\/v2\/pages\/657\/revisions\/704"}],"wp:attachment":[{"href":"https:\/\/matt.baume39.fr\/baume-tourism\/wp-json\/wp\/v2\/media?parent=657"}],"curies":[{"name":"wp","href":"https:\/\/api.w.org\/{rel}","templated":true}]}}